{"id":2980,"date":"2023-05-21T20:40:02","date_gmt":"2023-05-21T18:40:02","guid":{"rendered":"https:\/\/klangraumarchitektur.ch\/cest-un-test\/"},"modified":"2025-08-25T22:41:00","modified_gmt":"2025-08-25T20:41:00","slug":"cest-un-test","status":"publish","type":"page","link":"https:\/\/klangraumarchitektur.ch\/fr\/cest-un-test\/","title":{"rendered":"Exemples, \u00e9coute critique"},"content":{"rendered":"<div class=\"wpb-content-wrapper\"><p>[vc_row row_height_percent=&#8221;0&#8243; overlay_alpha=&#8221;50&#8243; equal_height=&#8221;yes&#8221; gutter_size=&#8221;3&#8243; column_width_percent=&#8221;100&#8243; shift_y=&#8221;0&#8243; z_index=&#8221;0&#8243; uncode_shortcode_id=&#8221;113019&#8243;][vc_column width=&#8221;1\/1&#8243;][vc_custom_heading auto_text=&#8221;yes&#8221; heading_semantic=&#8221;h1&#8243; text_size=&#8221;h1&#8243; uncode_shortcode_id=&#8221;101108&#8243;]This is a custom heading element.[\/vc_custom_heading][vc_row_inner row_inner_height_percent=&#8221;0&#8243; overlay_alpha=&#8221;50&#8243; gutter_size=&#8221;3&#8243; border_color=&#8221;color-66c77a&#8221; border_style=&#8221;solid&#8221; shift_y=&#8221;0&#8243; z_index=&#8221;0&#8243; uncode_shortcode_id=&#8221;115792&#8243; css=&#8221;.vc_custom_1691996082579{border-bottom-width: 2px !important;padding-bottom: 26px !important;}&#8221; border_color_type=&#8221;uncode-palette&#8221;][vc_column_inner width=&#8221;1\/2&#8243;][vc_column_text uncode_shortcode_id=&#8221;199119&#8243;]<span class=\"brownUnderlineUrl\">Cette page pr\u00e9sente une \u00e9valuation critique des espaces sonores existants et propose des possibilit\u00e9s d&#8217;am\u00e9lioration. Nous distinguons trois espaces ext\u00e9rieurs typiques des zones urbaines : les parcs, les places et les cours int\u00e9rieures. Pour chaque type d&#8217;espace, nous avons choisi trois exemples que nous pr\u00e9sentons et \u00e9valuons ci-apr\u00e8s. Les lieux pr\u00e9sent\u00e9s mettent en \u00e9vidence des probl\u00e9matiques typiques et des mesures possibles permettant d&#8217;am\u00e9liorer la qualit\u00e9 sonore. La priorit\u00e9 est donc donn\u00e9e \u00e0 la qualit\u00e9 de s\u00e9jour, tandis que l&#8217;esth\u00e9tique visuelle est secondaire. L&#8217;\u00e9valuation a \u00e9t\u00e9 effectu\u00e9e sur la base des douze crit\u00e8res pour une <a href=\"https:\/\/klangraumarchitektur.ch\/fr\/comprendre-les-espaces-sonores\/\">qualit\u00e9 sonore reposante<\/a> et a fait l&#8217;objet d&#8217;une consolidation dans le cadre d&#8217;une r\u00e9flexion collective. <\/span>[\/vc_column_text][\/vc_column_inner][vc_column_inner width=&#8221;1\/2&#8243;][vc_column_text uncode_shortcode_id=&#8221;472419&#8243;]Pour chaque exemple, vous trouverez un \u00e9chantillon sonore \u00e0 c\u00f4t\u00e9 du symbole repr\u00e9sentant des \u00e9couteurs. Avec l&#8217;image et le texte, cet \u00e9chantillon permet de se faire une id\u00e9e de la situation, sans toutefois remplacer une visite des lieux. Bien s\u00fbr, la situation d&#8217;\u00e9coute rencontr\u00e9e lors de nos visites peut \u00e9galement \u00e9voluer (p. ex. suite \u00e0 la croissance des arbres, qui pourront accueillir un plus grand nombre d&#8217;oiseaux \u00e0 l&#8217;avenir). Important : \u00e9coutez les exemples avec de bons \u00e9couteurs circum-auriculaires ou supra-auriculaires afin de comprendre au mieux la situation sur place.[\/vc_column_text][\/vc_column_inner][\/vc_row_inner][\/vc_column][\/vc_row][vc_row row_height_percent=&#8221;0&#8243; overlay_alpha=&#8221;50&#8243; equal_height=&#8221;yes&#8221; gutter_size=&#8221;3&#8243; column_width_percent=&#8221;100&#8243; shift_y=&#8221;0&#8243; z_index=&#8221;0&#8243; uncode_shortcode_id=&#8221;574122&#8243; row_name=&#8221;park&#8221;][vc_column width=&#8221;1\/2&#8243;][vc_column_text uncode_shortcode_id=&#8221;156313&#8243; el_id=&#8221;paerke&#8221;]<\/p>\n<h2>Les parcs, des plus petits aux plus grands<\/h2>\n<p>Nous nous rendons dans un parc urbain pour nous y reposer et y trouver un peu de calme (par exemple \u00e0 midi), mais aussi pour sa fonction de lieu de rencontre et d&#8217;\u00e9change, ou encore pour y jouer en plein air. Pour qu&#8217;un parc r\u00e9ponde \u00e0 ces besoins, il doit offrir une protection suffisante contre le bruit ext\u00e9rieur et un environnement proche de la nature \u00e0 l&#8217;int\u00e9rieur, avec des arbres, des buissons et des sols et chemins perm\u00e9ables. La v\u00e9g\u00e9tation doit \u00e9galement constituer un habitat pour une grande vari\u00e9t\u00e9 d&#8217;oiseaux, car ces derniers sont particuli\u00e8rement pr\u00e9cieux pour une qualit\u00e9 de s\u00e9jour reposante. C&#8217;est encore plus vrai pour les sons des fontaines, des jeux d&#8217;eau ou des ruisseaux renatur\u00e9s, qui sont \u00e9galement une source de rafra\u00eechissement. Lorsqu&#8217;il s&#8217;agit de limiter les perturbations mutuelles entre les diff\u00e9rentes activit\u00e9s et d&#8217;assurer la possibilit\u00e9 de discuter sans difficult\u00e9, la structuration de l&#8217;espace en compartiments ou \u00e0 l&#8217;aide de haies ou de murets est d&#8217;une grande aide. Ces exigences sont presque toujours remplies par un grand parc ancien, tandis qu&#8217;un parc de quartier ou de poche, qu&#8217;il soit \u00e0 cr\u00e9er ou \u00e0 r\u00e9nover, doit \u00eatre d\u00e9lib\u00e9r\u00e9ment con\u00e7u de cette mani\u00e8re.[\/vc_column_text][\/vc_column][vc_column width=&#8221;1\/2&#8243;][uncode_block id=&#8221;1252&#8243; inside_column=&#8221;yes&#8221;][\/vc_column][\/vc_row][vc_row][vc_column width=&#8221;1\/2&#8243;][uncode_block id=&#8221;771&#8243; inside_column=&#8221;yes&#8221;][\/vc_column][vc_column width=&#8221;1\/2&#8243;][uncode_block id=&#8221;839&#8243; inside_column=&#8221;yes&#8221;][\/vc_column][\/vc_row][vc_row row_height_percent=&#8221;0&#8243; overlay_alpha=&#8221;50&#8243; equal_height=&#8221;yes&#8221; gutter_size=&#8221;3&#8243; column_width_percent=&#8221;100&#8243; shift_y=&#8221;0&#8243; z_index=&#8221;0&#8243; uncode_shortcode_id=&#8221;418056&#8243; row_name=&#8221;platz&#8221;][vc_column width=&#8221;1\/2&#8243;][vc_column_text uncode_shortcode_id=&#8221;933723&#8243; el_id=&#8221;plaetze&#8221;]<\/p>\n<h2>Places et espaces libres<\/h2>\n<p>Du carrefour \u00e0 forte circulation \u00e0 la place du centre historique dans la zone pi\u00e9tonne : les places sont les n\u0153uds de l&#8217;espace urbain et rev\u00eatent une importance particuli\u00e8re pour la communication et les rencontres. Elles doivent inviter \u00e0 s&#8217;y attarder non seulement en proposant des possibilit\u00e9s de s&#8217;asseoir sans obligation de consommer, mais aussi en offrant une bonne qualit\u00e9 sonore : le bruit provenant de l&#8217;ext\u00e9rieur doit \u00eatre att\u00e9nu\u00e9 autant que possible, les r\u00e9flexions irritantes, les r\u00e9verb\u00e9rations inappropri\u00e9es ou les \u00e9chos flottants \u00e9vit\u00e9s. Les rev\u00eatements de sol durs doivent \u00eatre perm\u00e9abilis\u00e9s et davantage d&#8217;espace accord\u00e9 aux plantes et aux arbres. Les grands arbres feuillus offrant de l&#8217;ombre et les surfaces perm\u00e9ables ne sont pas seulement b\u00e9n\u00e9fiques pour combattre les fortes chaleurs et favoriser une bonne r\u00e9gulation de l&#8217;humidit\u00e9, ils contribuent \u00e9galement \u00e0 une acoustique agr\u00e9able. Les fontaines et les oiseaux animent le paysage sonore et d\u00e9tournent l&#8217;attention du bruit de la circulation. Et si les gens aiment s&#8217;y attarder, les voix humaines viennent s&#8217;y ajouter pour cr\u00e9er des sons positifs. Tous ces aspects sont \u00e0 prendre en compte par les ma\u00eetres d&#8217;ouvrage et les conceptrices et concepteurs des espaces ext\u00e9rieurs.[\/vc_column_text][\/vc_column][vc_column width=&#8221;1\/2&#8243;][uncode_block id=&#8221;820&#8243; inside_column=&#8221;yes&#8221;][\/vc_column][\/vc_row][vc_row][vc_column width=&#8221;1\/2&#8243;][uncode_block id=&#8221;1335&#8243; inside_column=&#8221;yes&#8221;][\/vc_column][vc_column width=&#8221;1\/2&#8243;][uncode_block id=&#8221;1292&#8243; inside_column=&#8221;yes&#8221;][\/vc_column][\/vc_row][vc_row row_height_percent=&#8221;0&#8243; overlay_alpha=&#8221;50&#8243; equal_height=&#8221;yes&#8221; gutter_size=&#8221;3&#8243; column_width_percent=&#8221;100&#8243; shift_y=&#8221;0&#8243; z_index=&#8221;0&#8243; uncode_shortcode_id=&#8221;159292&#8243; row_name=&#8221;innenhof&#8221;][vc_column width=&#8221;1\/2&#8243;][vc_column_text uncode_shortcode_id=&#8221;170997&#8243; el_id=&#8221;innenhoefe&#8221;]<\/p>\n<h2>Cours int\u00e9rieures anim\u00e9es<\/h2>\n<p><span class=\"pdf\">Dans le but de densifier l&#8217;espace urbain, on construit souvent de grands immeubles d&#8217;habitation entourant des cours int\u00e9rieures prot\u00e9g\u00e9es du bruit de la circulation. Leur qualit\u00e9 de s\u00e9jour peut \u00eatre affect\u00e9e par le bruit g\u00e9n\u00e9r\u00e9 \u00e0 l&#8217;int\u00e9rieur de la cour ou qui s&#8217;infiltre depuis l&#8217;ext\u00e9rieur par les voies d&#8217;acc\u00e8s. Par ailleurs, les fa\u00e7ades lisses et les grandes fen\u00eatres entra\u00eenent souvent une r\u00e9verb\u00e9ration ind\u00e9sirable et, lorsqu&#8217;elles sont parall\u00e8les, des r\u00e9flexions multiples pouvant \u00eatre tr\u00e8s g\u00eanantes. Il peut \u00eatre utile de rev\u00eatir les fa\u00e7ades et les sous-faces des balcons d&#8217;un mat\u00e9riau absorbant le son, en particulier dans les cours int\u00e9rieures \u00e9troites o\u00f9 la surface au sol est beaucoup plus petite que la surface des fa\u00e7ades. Pour que les voies d&#8217;acc\u00e8s v\u00e9hiculent moins de bruit de l&#8217;ext\u00e9rieur vers l&#8217;int\u00e9rieur, elles doivent \u00e9galement \u00eatre con\u00e7ues de mani\u00e8re absorbante.<br \/>\n<\/span><span class=\"pdf\">Des pelouses, des petits monticules, des buissons, des arbres, des chemins poreux ainsi qu&#8217;une fontaine ou un jeu d&#8217;eau peuvent am\u00e9liorer la qualit\u00e9 de s\u00e9jour de la cour int\u00e9rieure. D&#8217;autre part, les sorties d&#8217;a\u00e9ration, les pompes \u00e0 chaleur etc. doivent \u00eatre plac\u00e9es avec soin afin d&#8217;\u00e9viter les bruits g\u00eanants et de d\u00e9sagr\u00e9ables ondes stationnaires. <a href=\"https:\/\/klangraumarchitektur.ch\/wp-content\/uploads\/guter_klang_im_innenhof.pdf\" target=\"_blank\" rel=\"noopener\">Guter Klang im Innenhof<\/a><\/span>[\/vc_column_text][\/vc_column][vc_column width=&#8221;1\/2&#8243;][uncode_block id=&#8221;817&#8243; inside_column=&#8221;yes&#8221;][\/vc_column][\/vc_row][vc_row][vc_column width=&#8221;1\/2&#8243;][uncode_block id=&#8221;1852&#8243; inside_column=&#8221;yes&#8221;][\/vc_column][vc_column width=&#8221;1\/2&#8243;][uncode_block id=&#8221;1858&#8243; inside_column=&#8221;yes&#8221;][\/vc_column][\/vc_row]<\/p>\n<\/div>","protected":false},"excerpt":{"rendered":"<p>[vc_row row_height_percent=&#8221;0&#8243; overlay_alpha=&#8221;50&#8243; equal_height=&#8221;yes&#8221; gutter_size=&#8221;3&#8243; column_width_percent=&#8221;100&#8243; shift_y=&#8221;0&#8243; z_index=&#8221;0&#8243; uncode_shortcode_id=&#8221;113019&#8243;][vc_column width=&#8221;1\/1&#8243;][vc_custom_heading auto_text=&#8221;yes&#8221; heading_semantic=&#8221;h1&#8243; text_size=&#8221;h1&#8243; uncode_shortcode_id=&#8221;101108&#8243;]This is a custom heading element.[\/vc_custom_heading][vc_row_inner row_inner_height_percent=&#8221;0&#8243; [&hellip;]<\/p>\n","protected":false},"author":2,"featured_media":0,"parent":0,"menu_order":0,"comment_status":"closed","ping_status":"closed","template":"","meta":{"_themeisle_gutenberg_block_has_review":false,"footnotes":""},"class_list":["post-2980","page","type-page","status-publish","hentry"],"_links":{"self":[{"href":"https:\/\/klangraumarchitektur.ch\/fr\/wp-json\/wp\/v2\/pages\/2980","targetHints":{"allow":["GET"]}}],"collection":[{"href":"https:\/\/klangraumarchitektur.ch\/fr\/wp-json\/wp\/v2\/pages"}],"about":[{"href":"https:\/\/klangraumarchitektur.ch\/fr\/wp-json\/wp\/v2\/types\/page"}],"author":[{"embeddable":true,"href":"https:\/\/klangraumarchitektur.ch\/fr\/wp-json\/wp\/v2\/users\/2"}],"replies":[{"embeddable":true,"href":"https:\/\/klangraumarchitektur.ch\/fr\/wp-json\/wp\/v2\/comments?post=2980"}],"version-history":[{"count":18,"href":"https:\/\/klangraumarchitektur.ch\/fr\/wp-json\/wp\/v2\/pages\/2980\/revisions"}],"predecessor-version":[{"id":3219,"href":"https:\/\/klangraumarchitektur.ch\/fr\/wp-json\/wp\/v2\/pages\/2980\/revisions\/3219"}],"wp:attachment":[{"href":"https:\/\/klangraumarchitektur.ch\/fr\/wp-json\/wp\/v2\/media?parent=2980"}],"curies":[{"name":"wp","href":"https:\/\/api.w.org\/{rel}","templated":true}]}}

Exemples, écoute critique

<div class="wpb-content-wrapper"><p>[vc_row row_height_percent=&#8221;0&#8243; overlay_alpha=&#8221;50&#8243; equal_height=&#8221;yes&#8221; gutter_size=&#8221;3&#8243; column_width_percent=&#8221;100&#8243; shift_y=&#8221;0&#8243; z_index=&#8221;0&#8243; uncode_shortcode_id=&#8221;113019&#8243;][vc_column width=&#8221;1/1&#8243;][vc_custom_heading auto_text=&#8221;yes&#8221; heading_semantic=&#8221;h1&#8243; text_size=&#8221;h1&#8243; uncode_shortcode_id=&#8221;101108&#8243;]This is a custom heading element.[/vc_custom_heading][vc_row_inner row_inner_height_percent=&#8221;0&#8243; overlay_alpha=&#8221;50&#8243; gutter_size=&#8221;3&#8243; border_color=&#8221;color-66c77a&#8221; border_style=&#8221;solid&#8221; shift_y=&#8221;0&#8243; z_index=&#8221;0&#8243; uncode_shortcode_id=&#8221;115792&#8243; css=&#8221;.vc_custom_1691996082579{border-bottom-width: 2px !important;padding-bottom: 26px !important;}&#8221; border_color_type=&#8221;uncode-palette&#8221;][vc_column_inner width=&#8221;1/2&#8243;][vc_column_text uncode_shortcode_id=&#8221;199119&#8243;]<span class="brownUnderlineUrl">Cette page présente une évaluation critique des espaces sonores existants et propose des possibilités d&#8217;amélioration. Nous distinguons trois espaces extérieurs typiques des zones urbaines : les parcs, les places et les cours intérieures. Pour chaque type d&#8217;espace, nous avons choisi trois exemples que nous présentons et évaluons ci-après. Les lieux présentés mettent en évidence des problématiques typiques et des mesures possibles permettant d&#8217;améliorer la qualité sonore. La priorité est donc donnée à la qualité de séjour, tandis que l&#8217;esthétique visuelle est secondaire. L&#8217;évaluation a été effectuée sur la base des douze critères pour une <a href="https://klangraumarchitektur.ch/fr/comprendre-les-espaces-sonores/">qualité sonore reposante</a> et a fait l&#8217;objet d&#8217;une consolidation dans le cadre d&#8217;une réflexion collective. </span>[/vc_column_text][/vc_column_inner][vc_column_inner width=&#8221;1/2&#8243;][vc_column_text uncode_shortcode_id=&#8221;472419&#8243;]Pour chaque exemple, vous trouverez un échantillon sonore à côté du symbole représentant des écouteurs. Avec l&#8217;image et le texte, cet échantillon permet de se faire une idée de la situation, sans toutefois remplacer une visite des lieux. Bien sûr, la situation d&#8217;écoute rencontrée lors de nos visites peut également évoluer (p. ex. suite à la croissance des arbres, qui pourront accueillir un plus grand nombre d&#8217;oiseaux à l&#8217;avenir). Important : écoutez les exemples avec de bons écouteurs circum-auriculaires ou supra-auriculaires afin de comprendre au mieux la situation sur place.[/vc_column_text][/vc_column_inner][/vc_row_inner][/vc_column][/vc_row][vc_row row_height_percent=&#8221;0&#8243; overlay_alpha=&#8221;50&#8243; equal_height=&#8221;yes&#8221; gutter_size=&#8221;3&#8243; column_width_percent=&#8221;100&#8243; shift_y=&#8221;0&#8243; z_index=&#8221;0&#8243; uncode_shortcode_id=&#8221;574122&#8243; row_name=&#8221;park&#8221;][vc_column width=&#8221;1/2&#8243;][vc_column_text uncode_shortcode_id=&#8221;156313&#8243; el_id=&#8221;paerke&#8221;]</p>
<h2>Les parcs, des plus petits aux plus grands</h2>
<p>Nous nous rendons dans un parc urbain pour nous y reposer et y trouver un peu de calme (par exemple à midi), mais aussi pour sa fonction de lieu de rencontre et d&#8217;échange, ou encore pour y jouer en plein air. Pour qu&#8217;un parc réponde à ces besoins, il doit offrir une protection suffisante contre le bruit extérieur et un environnement proche de la nature à l&#8217;intérieur, avec des arbres, des buissons et des sols et chemins perméables. La végétation doit également constituer un habitat pour une grande variété d&#8217;oiseaux, car ces derniers sont particulièrement précieux pour une qualité de séjour reposante. C&#8217;est encore plus vrai pour les sons des fontaines, des jeux d&#8217;eau ou des ruisseaux renaturés, qui sont également une source de rafraîchissement. Lorsqu&#8217;il s&#8217;agit de limiter les perturbations mutuelles entre les différentes activités et d&#8217;assurer la possibilité de discuter sans difficulté, la structuration de l&#8217;espace en compartiments ou à l&#8217;aide de haies ou de murets est d&#8217;une grande aide. Ces exigences sont presque toujours remplies par un grand parc ancien, tandis qu&#8217;un parc de quartier ou de poche, qu&#8217;il soit à créer ou à rénover, doit être délibérément conçu de cette manière.[/vc_column_text][/vc_column][vc_column width=&#8221;1/2&#8243;][uncode_block id=&#8221;1252&#8243; inside_column=&#8221;yes&#8221;][/vc_column][/vc_row][vc_row][vc_column width=&#8221;1/2&#8243;][uncode_block id=&#8221;771&#8243; inside_column=&#8221;yes&#8221;][/vc_column][vc_column width=&#8221;1/2&#8243;][uncode_block id=&#8221;839&#8243; inside_column=&#8221;yes&#8221;][/vc_column][/vc_row][vc_row row_height_percent=&#8221;0&#8243; overlay_alpha=&#8221;50&#8243; equal_height=&#8221;yes&#8221; gutter_size=&#8221;3&#8243; column_width_percent=&#8221;100&#8243; shift_y=&#8221;0&#8243; z_index=&#8221;0&#8243; uncode_shortcode_id=&#8221;418056&#8243; row_name=&#8221;platz&#8221;][vc_column width=&#8221;1/2&#8243;][vc_column_text uncode_shortcode_id=&#8221;933723&#8243; el_id=&#8221;plaetze&#8221;]</p>
<h2>Places et espaces libres</h2>
<p>Du carrefour à forte circulation à la place du centre historique dans la zone piétonne : les places sont les nœuds de l&#8217;espace urbain et revêtent une importance particulière pour la communication et les rencontres. Elles doivent inviter à s&#8217;y attarder non seulement en proposant des possibilités de s&#8217;asseoir sans obligation de consommer, mais aussi en offrant une bonne qualité sonore : le bruit provenant de l&#8217;extérieur doit être atténué autant que possible, les réflexions irritantes, les réverbérations inappropriées ou les échos flottants évités. Les revêtements de sol durs doivent être perméabilisés et davantage d&#8217;espace accordé aux plantes et aux arbres. Les grands arbres feuillus offrant de l&#8217;ombre et les surfaces perméables ne sont pas seulement bénéfiques pour combattre les fortes chaleurs et favoriser une bonne régulation de l&#8217;humidité, ils contribuent également à une acoustique agréable. Les fontaines et les oiseaux animent le paysage sonore et détournent l&#8217;attention du bruit de la circulation. Et si les gens aiment s&#8217;y attarder, les voix humaines viennent s&#8217;y ajouter pour créer des sons positifs. Tous ces aspects sont à prendre en compte par les maîtres d&#8217;ouvrage et les conceptrices et concepteurs des espaces extérieurs.[/vc_column_text][/vc_column][vc_column width=&#8221;1/2&#8243;][uncode_block id=&#8221;820&#8243; inside_column=&#8221;yes&#8221;][/vc_column][/vc_row][vc_row][vc_column width=&#8221;1/2&#8243;][uncode_block id=&#8221;1335&#8243; inside_column=&#8221;yes&#8221;][/vc_column][vc_column width=&#8221;1/2&#8243;][uncode_block id=&#8221;1292&#8243; inside_column=&#8221;yes&#8221;][/vc_column][/vc_row][vc_row row_height_percent=&#8221;0&#8243; overlay_alpha=&#8221;50&#8243; equal_height=&#8221;yes&#8221; gutter_size=&#8221;3&#8243; column_width_percent=&#8221;100&#8243; shift_y=&#8221;0&#8243; z_index=&#8221;0&#8243; uncode_shortcode_id=&#8221;159292&#8243; row_name=&#8221;innenhof&#8221;][vc_column width=&#8221;1/2&#8243;][vc_column_text uncode_shortcode_id=&#8221;170997&#8243; el_id=&#8221;innenhoefe&#8221;]</p>
<h2>Cours intérieures animées</h2>
<p><span class="pdf">Dans le but de densifier l&#8217;espace urbain, on construit souvent de grands immeubles d&#8217;habitation entourant des cours intérieures protégées du bruit de la circulation. Leur qualité de séjour peut être affectée par le bruit généré à l&#8217;intérieur de la cour ou qui s&#8217;infiltre depuis l&#8217;extérieur par les voies d&#8217;accès. Par ailleurs, les façades lisses et les grandes fenêtres entraînent souvent une réverbération indésirable et, lorsqu&#8217;elles sont parallèles, des réflexions multiples pouvant être très gênantes. Il peut être utile de revêtir les façades et les sous-faces des balcons d&#8217;un matériau absorbant le son, en particulier dans les cours intérieures étroites où la surface au sol est beaucoup plus petite que la surface des façades. Pour que les voies d&#8217;accès véhiculent moins de bruit de l&#8217;extérieur vers l&#8217;intérieur, elles doivent également être conçues de manière absorbante.<br />
</span><span class="pdf">Des pelouses, des petits monticules, des buissons, des arbres, des chemins poreux ainsi qu&#8217;une fontaine ou un jeu d&#8217;eau peuvent améliorer la qualité de séjour de la cour intérieure. D&#8217;autre part, les sorties d&#8217;aération, les pompes à chaleur etc. doivent être placées avec soin afin d&#8217;éviter les bruits gênants et de désagréables ondes stationnaires. <a href="https://klangraumarchitektur.ch/wp-content/uploads/guter_klang_im_innenhof.pdf" target="_blank" rel="noopener">Guter Klang im Innenhof</a></span>[/vc_column_text][/vc_column][vc_column width=&#8221;1/2&#8243;][uncode_block id=&#8221;817&#8243; inside_column=&#8221;yes&#8221;][/vc_column][/vc_row][vc_row][vc_column width=&#8221;1/2&#8243;][uncode_block id=&#8221;1852&#8243; inside_column=&#8221;yes&#8221;][/vc_column][vc_column width=&#8221;1/2&#8243;][uncode_block id=&#8221;1858&#8243; inside_column=&#8221;yes&#8221;][/vc_column][/vc_row]</p>
</div>
